 - -30. Suppose y*b = -26 - 10. Let c be (-1 - 20)/((14/b)/7). What is the greatest common divisor of c and 21?
21
Let x(f) = -14*f + 2. Let r be x(-6). Let p = -96 + r. Let y = 64 + p. What is the greatest common divisor of 36 and y?
18
Let w = 73 - 70. Let q(p) = 24*p**2 + 3*p. Let y be q(w). Calculate the greatest common divisor of 90 and y.
45
Let r(p) = 20*p + 364. Let u be r(-13). Suppose -17*c + u + 270 = 0. Let h = -34 + 78. What is the greatest common factor of c and h?
22
Suppose 83*i - 3434 = 11174. What is the greatest common divisor of i and 209?
11
Let u = 5836 - 5240. Calculate the highest common factor of u and 9089.
149
Let t(f) = f**2 + 17*f + 45. Suppose -7*y - 57 = 41. Let n be t(y). Calculate the greatest common divisor of 24 and n.
3
Let t(w) be the third derivative of -59*w**4/24 - 91*w**3/6 - 114*w**2. Let x be t(-3). What is the highest common factor of 129 and x?
43
Let t = 4289 - 2543. What is the greatest common divisor of 54 and t?
18
Let n(h) be the first derivative of -32 - 2*h**2 + 48*h + 1/3*h**3. Let o be n(0). Calculate the highest common factor of o and 6.
6
Suppose -12*v - 1103 - 469 = 0. Let q = 96 + v. Let p be 8/14*q/(-2). What is the highest common divisor of 80 and p?
10
Suppose -f + 355 = -3*n, 4*n + 620 = 3*f - 470. What is the greatest common divisor of f and 200?
10
Let m = -224 - -120. Let f be (m/10)/((-9)/(-45)). Let q be (-54)/(-81) + f/(-3). Calculate the highest common factor of q and 81.
9
Let y(c) = -2451*c + 8471. Let a be y(3). What is the highest common divisor of 1376 and a?
86
Let n = 575829 + -575808. Suppose 0 = -4*v - 2 + 18. Suppose 6 = v*z - 6. Calculate the highest common factor of z and n.
3
Suppose 4*o - 18 + 22 = 0, 3*p = 2*o + 317. Calculate the highest common divisor of 3165 and p.
15
Let h be 69 + (-2)/1 + 2. Suppose -50 = -2*o - 0*l + 2*l, -2*l + 13 = o. Let s be -161*1*(-6)/o. Calculate the greatest common divisor of h and s.
23
Let o(j) = 9*j - 52. Let q be o(5). Let i = q - -97. Let x(k) = -17*k**3 + k**2 + k + 1. Let p be x(-1). What is the highest common divisor of p and i?
18
Let d = 49 - 47. Suppose -d*g = 5 - 13. Suppose g*r - 112 = -2*y, 3*y + r + 137 = 5*y. Calculate the highest common divisor of 44 and y.
22
Let a be 25732/31 + 832/(-12896). What is the highest common factor of a and 240?
10
Let u(d) = d - 59. Let c be u(66). Calculate the highest common divisor of 68 and c.
1
Let b(w) = 2*w**2 + w + 24. Let d be b(5). Calculate the highest common factor of d and 1264.
79
Let i(b) = -b**3 - 16*b + 1393*b**2 - 692*b**2 - 690*b**2 - 1. Let j be i(9). What is the highest common factor of 136 and j?
17
Let x be 5 + -8 - 26/39*819/(-6). What is the highest common divisor of 682 and x?
22
Let f(r) = -r**3 - 2*r**2 - r + 4. Let s be f(-3). Let z(w) = w**2 - 590*w + 152. Let p be z(0). Calculate the highest common factor of p and s.
8
Let y = 3697 - 3667. What is the greatest common factor of y and 735?
15
Let v(s) = -9*s**2 + 50*s + 32. Let z be v(5). Calculate the highest common divisor of 19266 and z.
57
Suppose 3*u - b - 29 = 107, b - 94 = -2*u. What is the greatest common divisor of 4 and u?
2
Suppose -i + 4*k = 13, -3 + 23 = 5*k. Suppose 113*b - 20 = 109*b. Suppose b*v = 11*v - 6. What is the greatest common divisor of i and v?
1
Let l = -483 - -973. What is the greatest common divisor of 210 and l?
70
Suppose -26*u + 29*u = -3. Suppose 0 = 2*v - 3*y - 0*y + 3, -2*y = 2. Let w be 12 + u/v*0. Calculate the highest common factor of w and 48.
12
Let p(o) = 8*o**3 + 48*o**2 - 7*o + 41. Let s be p(-6). What is the greatest common divisor of 32121 and s?
83
Let i = 186 - 138. Suppose i = r + 4. Calculate the highest common factor of r and 484.
44
Let q = 200 + -195. Suppose 0 = -c - 3*y + 18 + 6, -3*c - q*y = -84. What is the highest common divisor of 6 and c?
3
Suppose -t + 22 = 13. Calculate the greatest common divisor of t and 2043.
9
Let h = -9592 + 25971. Suppose h = 24*g + 2939. What is the greatest common divisor of g and 120?
40
Suppose -4*h - 12 = 0, -190 = 5*o + 4*h - 1248. Suppose 5*p = -5*v + o + 346, p - 112 = -2*v. Calculate the greatest common factor of 56 and p.
56
Let s be 89*10 - (-87)/319*-22. Calculate the greatest common divisor of s and 85.
17
Let j(b) = b**2 + 22*b - 1142. Let c be j(30). Suppose -p + 60 = 3*q, q = -0*p + p - 68. What is the highest common divisor of p and c?
22
Let z = -675 + 749. Let j = 90 - 53. Calculate the greatest common factor of z and j.
37
Let q be 8/(5*(-6)/(-15)). Let j be (440/(-44))/((-1)/q). Calculate the greatest common factor of 25 and j.
5
Let x(z) = -12*z**2 + z**3 - z + 10*z + 4*z - 70 - 6*z**2. Let l be x(18). What is the greatest common divisor of l and 4?
4
Let o be -1*(0/(-15) - 2825). Calculate the greatest common divisor of 75 and o.
25
Suppose -2*v + 190 - 74 = 2*m, -131 = -2*v + m. What is the greatest common factor of v and 1638?
63
Suppose 1 = -b, -19*b + 14*b = -4*q + 897. Suppose -217*v + q*v = 612. What is the highest common divisor of v and 255?
51
Let q(p) = p**3 - 25*p**2 + 2*p - 27. Let k = 145 - 120. Let c be q(k). Suppose c*t - 18*t = 120. Calculate the highest common factor of 32 and t.
8
Suppose 2*s = -3*d - 877 + 5914, -6756 = -4*d + 4*s. Calculate the highest common divisor of 44 and d.
11
Suppose -24 = -3*o + 6. Let r be ((-3)/(-9))/(o/900). Let l = -65 + 95. Calculate the highest common divisor of l and r.
30
Let r(u) = -2*u**3 - 4*u**2 - 92*u - 37. Let v be r(-10). Calculate the greatest common divisor of v and 13.
13
Suppose -4*c = -2*c - 288. Let q = -17 + 46. Suppose o = 7 + q. Calculate the greatest common divisor of c and o.
36
Suppose 45*f + 23*f = -79*f + 19404. What is the greatest common factor of f and 3520?
44
Let r = 749 - 524. Let i(m) = 18*m - 1593. Let b be i(89). What is the greatest common factor of r and b?
9
Let o be (-2)/10 + (-896)/70. Let j be (-6)/39 + (-1900)/o. Let b = -11 + j. What is the highest common factor of 30 and b?
15
Let i = -51 + 173. Let t = i - 54. Let o = 121 + -19. What is the highest common factor of o and t?
34
Let v(f) = 10*f - 120. Let i be v(17). Suppose 4*k - 18 = -4*z + 6, -2*z + 18 = 5*k. Let j be k*(8 - (0 + -2)). What is the highest common divisor of i and j?
10
Let c be 6*(-7 + 50/6). Let i be c/6 + -2 - 34/(-6). Calculate the highest common divisor of i and 5.
5
Let o be 3*2/(-9) + (-12984)/(-36). What is the highest common divisor of o and 2920?
40
Let q be (-37)/(-222) + 38398/12. Suppose -88*n + q = -78*n. Calculate the highest common factor of 10 and n.
10
Let c be (-6527)/(-488) - (-6)/(-16). Calculate the highest common divisor of c and 6.
1
Let b(m) = 15*m - 115. Let q be b(23). Suppose -q = -9*c - 50. Calculate the highest common factor of 55 and c.
5
Suppose -2*m - 2 = 2*v, -v + 2*m + 2 + 0 = 0. Let b be 10*((-22)/(-4) - v). Let t be b/2 + 21/(-14). Calculate the greatest common divisor of t and 26.
26
Let w = 24172 + -23876. Calculate the greatest common factor of 4366 and w.
74
Let d(m) = 9*m**2 - 2*m + 3. Suppose 17*u - 3 = 14*u. Let y be d(u). Let w = y - -11. What is the highest common factor of w and 231?
21
Let g = 197 + -208. Let l(d) = -d**2 - 7*d + 47. Let m be l(g). What is the greatest common divisor of 21 and m?
3
Suppose b = 3*p + 19, -68*p + 5 = -b - 71*p. What is the greatest common factor of 938 and b?
7
Suppose -5*u - 74 = 121. Let o = 56 + u. What is the greatest common divisor of o and 459?
17
Let b = -4603 - -5098. Suppose 0*j - 2*j + 2 = 0. Suppose s = 44 + j. Calculate the greatest common factor of s and b.
45
Suppose 5*x - 650 = 5*q, 511 = -2*x + 6*x + 5*q. What is the highest common factor of 1161 and x?
129
Let b be (-3 - -2)/(7/(-119)) - 8. Calculate the greatest common factor of 183 and b.
3
Let x be 10*(-6)/(-15) - -4. Suppose 21*b - 572 = x*b. What is the greatest common divisor of 11 and b?
11
Suppose 9*b + 1248 = 21*b. Let y = -78 - -130. What is the highest common factor of b and y?
52
Let p be ((221/4)/17 - 8)*16*-1. What is the highest common divisor of 10 and p?
2
Let q be (90/(-14))/(-5)*7/(-14)*-28. Let x = -11 - -15. Calculate the greatest common factor of x and q.
2
Suppose 80 + 142 = -3*d. Suppose 0 = 4*h + 4, -3*l + 86 = -5*h - 165. Let n = l + d. What is the highest common facto